{"id":594,"date":"2020-06-16T15:59:06","date_gmt":"2020-06-16T12:59:06","guid":{"rendered":"https:\/\/beta.kelkkalehti.com\/?page_id=594"},"modified":"2025-12-15T07:39:56","modified_gmt":"2025-12-15T05:39:56","slug":"tilaa-kelkkalehti-kotiisi","status":"publish","type":"page","link":"https:\/\/kelkkasivut.kelkkalehti.com\/?page_id=594","title":{"rendered":"Tilaa Kelkkalehti kotiisi."},"content":{"rendered":"\n<figure class=\"wp-block-image size-large\"><img loading=\"lazy\" decoding=\"async\" width=\"1024\" height=\"462\" src=\"https:\/\/kelkkasivut.kelkkalehti.com\/wp-content\/uploads\/2023\/12\/lehdenkannet-1024x462.jpg\" alt=\"\" class=\"wp-image-1072\" srcset=\"https:\/\/kelkkasivut.kelkkalehti.com\/wp-content\/uploads\/2023\/12\/lehdenkannet-1024x462.jpg 1024w, https:\/\/kelkkasivut.kelkkalehti.com\/wp-content\/uploads\/2023\/12\/lehdenkannet-300x135.jpg 300w, https:\/\/kelkkasivut.kelkkalehti.com\/wp-content\/uploads\/2023\/12\/lehdenkannet-768x347.jpg 768w, https:\/\/kelkkasivut.kelkkalehti.com\/wp-content\/uploads\/2023\/12\/lehdenkannet-600x271.jpg 600w, https:\/\/kelkkasivut.kelkkalehti.com\/wp-content\/uploads\/2023\/12\/lehdenkannet.jpg 1159w\" sizes=\"auto, (max-width: 1024px) 100vw, 1024px\" \/><\/figure>\n\n\n\n<p><strong>Tilaa Kelkkalehti suoraan kotiisi. S\u00e4\u00e4st\u00e4t rahaa ja vaivaa!<\/strong><\/p>\n\n\n\n<p>Tee tilaus alla olevalla lomakkeella. Tilauksen l\u00e4hetetty\u00e4si saat laskun suoraan kotiisi. Laskun maksettuasi alkaa tilaus&nbsp;seuraavasta ilmestyv\u00e4st\u00e4 numerosta.&nbsp;<\/p>\n\n\n\n<blockquote class=\"wp-block-quote is-layout-flow wp-block-quote-is-layout-flow\">\n<p>Kelkkalehti on loistava joululahja! Tilaa lehti lahjaksi alla olevalla lomakkeella ja lataa yst\u00e4v\u00e4llesi l\u00e4hetett\u00e4v\u00e4 lahjakortti <a href=\"https:\/\/kelkkasivut.kelkkalehti.com\/wp-content\/uploads\/2025\/12\/Joulukortti_kelkkalehti_vaaka-scaled.jpg\">T\u00c4\u00c4LT\u00c4<\/a> <br><br>Lahjatilaus jatkuu automaattisesti tilausjakson p\u00e4\u00e4tytty\u00e4.<\/p>\n<\/blockquote>\n\n\n\n<blockquote class=\"wp-block-quote is-layout-flow wp-block-quote-is-layout-flow\">\n<div class=\"wp-block-columns is-layout-flex wp-container-core-columns-is-layout-28f84493 wp-block-columns-is-layout-flex\">\n<div class=\"wp-block-column is-layout-flow wp-block-column-is-layout-flow\" style=\"flex-basis:100%\">\n<p>Kelkkalehden tilaaja-arvonta suoritetaan <strong>19.12.2025.<\/strong><br>Kaikki, joilla on tilaus voimassa <strong>15.12.2025<\/strong> tai jotka ovat l\u00e4hett\u00e4neet ilmaisen osallistumisen siihen menness\u00e4, ovat mukana arvonnassa<br><br>ARPAJAISTEN S\u00c4\u00c4NN\u00d6T JA OHJEEN ILMAISEEN OSALLISTUMISEEN L\u00d6YD\u00c4T <strong><a href=\"https:\/\/kelkkasivut.kelkkalehti.com\/?page_id=1277\" data-type=\"link\" data-id=\"https:\/\/kelkkasivut.kelkkalehti.com\/?page_id=1277\">T\u00c4\u00c4LT\u00c4<\/a><\/strong><\/p>\n<\/div>\n<\/div>\n<\/blockquote>\n\n\n\n<p>Valitse alla olevasta valikosta sinulle sopiva tilausmuoto. Tarjoustilaukset jatkuvat aina automaattisesti kestotilauksina. N\u00e4in tilausta ei tarvitse uusia erikseen tilauskauden p\u00e4\u00e4tytty\u00e4. <\/p>\n\n\n\n<p><\/p>\n\n\n\n<div class=\"everest-forms\"><div class=\"evf-container default\" id=\"evf-592\"><form id=\"evf-form-592\" class=\"everest-form\" data-formid=\"592\" data-ajax_submission=\"0\" data-keyboard_friendly_form=\"0\" data-form_state_type=\"\" method=\"post\" enctype=\"multipart\/form-data\" action=\"\/index.php?rest_route=%2Fwp%2Fv2%2Fpages%2F594\"><div class=\"evf-field-container\"><input type=\"hidden\" id=\"_wpnonce592\" name=\"_wpnonce592\" value=\"54bf70166e\" \/><input type=\"hidden\" name=\"_wp_http_referer\" value=\"\/index.php?rest_route=%2Fwp%2Fv2%2Fpages%2F594\" \/><div class=\"evf-frontend-row\" data-row=\"row_3\" conditional_rules=\"[]\"><div class=\"evf-frontend-grid evf-grid-1\" data-grid=\"grid_1\"><div id=\"evf-592-field_IWX5HFxv2j-18-container\" class=\"evf-field evf-field-recaptcha form-row\" data-field-id=\"IWX5HFxv2j-18\"><div class=\"evf-recaptcha-container recaptcha-hidden\" style=\"display:block\"><input type=\"hidden\" name=\"everest_forms[recaptcha]\" value=\"\"><\/div><\/div><\/div><\/div><div class=\"evf-frontend-row\" data-row=\"row_1\" conditional_rules=\"[]\"><div class=\"evf-frontend-grid evf-grid-1\" data-grid=\"grid_1\"><div id=\"evf-592-field_DZTmj1jLSN-9-container\" class=\"evf-field evf-field-select form-row\" data-field-id=\"DZTmj1jLSN-9\"><label class=\"evf-field-label\" for=\"evf-592-field_DZTmj1jLSN-9\"><span class=\"evf-label\">Valitse tilauksen tyyppi<\/span> <\/label><select id=\"evf-592-field_DZTmj1jLSN-9\" class=\"input-text\" name=\"everest_forms[form_fields][DZTmj1jLSN-9]\" ><option value=\"Kestotilaus 54.50 eur \/ vuosi\" >Kestotilaus 54.50 eur \/ vuosi<\/option><option value=\"Vuositilaus 59,50 eur \/ vuosi\" >Vuositilaus 59,50 eur \/ vuosi<\/option><option value=\"Digitilaus 45 eur \/ vuosi\" >Digitilaus 45 eur \/ vuosi<\/option><\/select><\/div><div id=\"evf-592-field_ys0GeZISRs-1-container\" class=\"evf-field evf-field-first-name form-row validate-required\" data-required-field-message=\"T\u00e4m\u00e4 kentt\u00e4 on pakollinen\" data-field-id=\"ys0GeZISRs-1\"><label class=\"evf-field-label\" for=\"evf-592-field_ys0GeZISRs-1\"><span class=\"evf-label\">Etunimi<\/span> <abbr class=\"required\" title=\"Required\">*<\/abbr><\/label><input type=\"text\" id=\"evf-592-field_ys0GeZISRs-1\" class=\"input-text\" name=\"everest_forms[form_fields][ys0GeZISRs-1]\" required><\/div><div id=\"evf-592-field_DpLcXzC4LI-5-container\" class=\"evf-field evf-field-last-name form-row validate-required\" data-required-field-message=\"T\u00e4m\u00e4 kentt\u00e4 on pakollinen\" data-field-id=\"DpLcXzC4LI-5\"><label class=\"evf-field-label\" for=\"evf-592-field_DpLcXzC4LI-5\"><span class=\"evf-label\">Sukunimi<\/span> <abbr class=\"required\" title=\"Required\">*<\/abbr><\/label><input type=\"text\" id=\"evf-592-field_DpLcXzC4LI-5\" class=\"input-text\" name=\"everest_forms[form_fields][DpLcXzC4LI-5]\" required><\/div><div id=\"evf-592-field_1KxFFe7By7-6-container\" class=\"evf-field evf-field-text form-row validate-required\" data-required-field-message=\"T\u00e4m\u00e4 kentt\u00e4 on pakollinen\" data-field-id=\"1KxFFe7By7-6\"><label class=\"evf-field-label\" for=\"evf-592-field_1KxFFe7By7-6\"><span class=\"evf-label\">L\u00e4hiosoite<\/span> <abbr class=\"required\" title=\"Required\">*<\/abbr><\/label><input type=\"text\" id=\"evf-592-field_1KxFFe7By7-6\" class=\"input-text\" name=\"everest_forms[form_fields][1KxFFe7By7-6]\" required><\/div><div id=\"evf-592-field_S5Hxlt8hoM-7-container\" class=\"evf-field evf-field-text form-row validate-required\" data-required-field-message=\"T\u00e4m\u00e4 kentt\u00e4 on pakollinen\" data-field-id=\"S5Hxlt8hoM-7\"><label class=\"evf-field-label\" for=\"evf-592-field_S5Hxlt8hoM-7\"><span class=\"evf-label\">Postinumero<\/span> <abbr class=\"required\" title=\"Required\">*<\/abbr><\/label><input type=\"text\" id=\"evf-592-field_S5Hxlt8hoM-7\" class=\"input-text\" name=\"everest_forms[form_fields][S5Hxlt8hoM-7]\" required><\/div><div id=\"evf-592-field_VUeia7Dxio-8-container\" class=\"evf-field evf-field-text form-row validate-required\" data-required-field-message=\"T\u00e4m\u00e4 kentt\u00e4 on pakollinen\" data-field-id=\"VUeia7Dxio-8\"><label class=\"evf-field-label\" for=\"evf-592-field_VUeia7Dxio-8\"><span class=\"evf-label\">Postitoimipaikka<\/span> <abbr class=\"required\" title=\"Required\">*<\/abbr><\/label><input type=\"text\" id=\"evf-592-field_VUeia7Dxio-8\" class=\"input-text\" name=\"everest_forms[form_fields][VUeia7Dxio-8]\" required><\/div><div id=\"evf-592-field_jJHiseHtyw-19-container\" class=\"evf-field evf-field-number form-row validate-required\" data-required-field-message=\"Anna toimiva numero\" data-field-id=\"jJHiseHtyw-19\"><label class=\"evf-field-label\" for=\"evf-592-field_jJHiseHtyw-19\"><span class=\"evf-label\">Puhelinnumerosi<\/span> <abbr class=\"required\" title=\"Required\">*<\/abbr><\/label><input type=\"number\" id=\"evf-592-field_jJHiseHtyw-19\" class=\"input-text\" name=\"everest_forms[form_fields][jJHiseHtyw-19]\" required\/><\/div><div id=\"evf-592-field_LbH5NxasXM-2-container\" class=\"evf-field evf-field-email form-row validate-required validate-email\" data-required-field-message=\"Tarkista ett\u00e4 s\u00e4hk\u00f6postisi on oikein\" data-field-id=\"LbH5NxasXM-2\"><label class=\"evf-field-label\" for=\"evf-592-field_LbH5NxasXM-2\"><span class=\"evf-label\">Maksajan s\u00e4hk\u00f6posti<\/span> <abbr class=\"required\" title=\"Required\">*<\/abbr><\/label><input type=\"email\" id=\"evf-592-field_LbH5NxasXM-2\" class=\"input-text\" name=\"everest_forms[form_fields][LbH5NxasXM-2]\" required ><\/div><div id=\"evf-592-field_Ij3Ga9p63n-11-container\" class=\"evf-field evf-field-first-name form-row\" data-field-id=\"Ij3Ga9p63n-11\"><label class=\"evf-field-label\" for=\"evf-592-field_Ij3Ga9p63n-11\"><span class=\"evf-label\">Etunimi ( Maksajan tiedot, mik\u00e4li eri kuin tilauksen saaja).<\/span> <\/label><input type=\"text\" id=\"evf-592-field_Ij3Ga9p63n-11\" class=\"input-text\" name=\"everest_forms[form_fields][Ij3Ga9p63n-11]\" ><\/div><div id=\"evf-592-field_xpZyR82KYy-12-container\" class=\"evf-field evf-field-last-name form-row\" data-field-id=\"xpZyR82KYy-12\"><label class=\"evf-field-label\" for=\"evf-592-field_xpZyR82KYy-12\"><span class=\"evf-label\">Sukunimi<\/span> <\/label><input type=\"text\" id=\"evf-592-field_xpZyR82KYy-12\" class=\"input-text\" name=\"everest_forms[form_fields][xpZyR82KYy-12]\" ><\/div><div id=\"evf-592-field_lorEy3qvPm-13-container\" class=\"evf-field evf-field-text form-row\" data-field-id=\"lorEy3qvPm-13\"><label class=\"evf-field-label\" for=\"evf-592-field_lorEy3qvPm-13\"><span class=\"evf-label\">L\u00e4hiosoite<\/span> <\/label><input type=\"text\" id=\"evf-592-field_lorEy3qvPm-13\" class=\"input-text\" name=\"everest_forms[form_fields][lorEy3qvPm-13]\" ><\/div><div id=\"evf-592-field_OF5nXA0uIl-15-container\" class=\"evf-field evf-field-text form-row\" data-field-id=\"OF5nXA0uIl-15\"><label class=\"evf-field-label\" for=\"evf-592-field_OF5nXA0uIl-15\"><span class=\"evf-label\">Postitoimipaikka<\/span> <\/label><input type=\"text\" id=\"evf-592-field_OF5nXA0uIl-15\" class=\"input-text\" name=\"everest_forms[form_fields][OF5nXA0uIl-15]\" ><\/div><div id=\"evf-592-field_1Q4wqp0Y2h-14-container\" class=\"evf-field evf-field-number form-row\" data-field-id=\"1Q4wqp0Y2h-14\"><label class=\"evf-field-label\" for=\"evf-592-field_1Q4wqp0Y2h-14\"><span class=\"evf-label\">Postinumero<\/span> <\/label><input type=\"number\" id=\"evf-592-field_1Q4wqp0Y2h-14\" class=\"input-text\" name=\"everest_forms[form_fields][1Q4wqp0Y2h-14]\" step=\"1\" \/><\/div><div id=\"evf-592-field_1a38eQdDV5-17-container\" class=\"evf-field evf-field-radio form-row validate-required\" data-required-field-message=\"T\u00e4m\u00e4 kentt\u00e4 on pakollinen\" data-field-id=\"1a38eQdDV5-17\"><label class=\"evf-field-label\" for=\"evf-592-field_1a38eQdDV5-17\"><span class=\"evf-label\">Haluan lis\u00e4tietoja Kelkkalehden palveluista ja tarjouksista!<\/span> <abbr class=\"required\" title=\"Required\">*<\/abbr><\/label><ul id=\"evf-592-field_1a38eQdDV5-17\" class=\" evf-field-required\"><li class=\"choice-1 depth-1\"><input type=\"radio\" id=\"evf-592-field_1a38eQdDV5-17_1\" class=\"input-text\" name=\"everest_forms[form_fields][1a38eQdDV5-17]\" value=\"Kyll\u00e4\" required ><label class=\"everest-forms-field-label-inline\" for=\"evf-592-field_1a38eQdDV5-17_1\">Kyll\u00e4<\/label><\/li><li class=\"choice-2 depth-1\"><input type=\"radio\" id=\"evf-592-field_1a38eQdDV5-17_2\" class=\"input-text\" name=\"everest_forms[form_fields][1a38eQdDV5-17]\" value=\"Ei\" required ><label class=\"everest-forms-field-label-inline\" for=\"evf-592-field_1a38eQdDV5-17_2\">Ei<\/label><\/li><\/ul><div class=\"evf-field-description\">Kelkkalehti ei luovuta tietojasi kolmansien osapuolien k\u00e4ytt\u00f6\u00f6n. Tietoja k\u00e4ytet\u00e4\u00e4n vain Kelkkalehden tilausasioiden hoitoon sinulle henkil\u00f6kohtaisesti.<\/div><\/div><\/div><\/div><div class=\"evf-frontend-row\" data-row=\"row_2\" conditional_rules=\"[]\"><div class=\"evf-frontend-grid evf-grid-1\" data-grid=\"grid_1\"><div id=\"evf-592-field_IWX5HFxv2j-18-container\" class=\"evf-field evf-field-recaptcha form-row\" data-field-id=\"IWX5HFxv2j-18\"><div class=\"evf-recaptcha-container recaptcha-hidden\" style=\"display:block\"><input type=\"hidden\" name=\"everest_forms[recaptcha]\" value=\"\"><\/div><\/div><\/div><\/div><div class=\"evf-frontend-row\" data-row=\"row_4\" conditional_rules=\"[]\"><div class=\"evf-frontend-grid evf-grid-1\" data-grid=\"grid_1\"><div id=\"evf-592-field_IWX5HFxv2j-18-container\" class=\"evf-field evf-field-recaptcha form-row\" data-field-id=\"IWX5HFxv2j-18\"><div class=\"evf-recaptcha-container recaptcha-hidden\" style=\"display:block\"><input type=\"hidden\" name=\"everest_forms[recaptcha]\" value=\"\"><\/div><\/div><\/div><\/div><div class=\"evf-frontend-row\" data-row=\"row_5\" conditional_rules=\"[]\"><div class=\"evf-frontend-grid evf-grid-1\" data-grid=\"grid_1\"><div id=\"evf-592-field_IWX5HFxv2j-18-container\" class=\"evf-field evf-field-recaptcha form-row\" data-field-id=\"IWX5HFxv2j-18\"><div class=\"evf-recaptcha-container recaptcha-hidden\" style=\"display:block\"><input type=\"hidden\" name=\"everest_forms[recaptcha]\" value=\"\"><\/div><\/div><\/div><\/div><\/div><div class=\"evf-honeypot-container evf-field-hp\"><label for=\"evf-592-field-hp\" class=\"evf-field-label\">Message<\/label><input type=\"text\" name=\"everest_forms[hp]\" id=\"evf-592-field-hp\" class=\"input-text\"><\/div><div class=\"evf-submit-container \" ><input type=\"hidden\" name=\"everest_forms[id]\" value=\"592\"><input type=\"hidden\" name=\"everest_forms[author]\" value=\"2\"><button type='submit' name='everest_forms[submit]' class='everest-forms-submit-button button evf-submit ' id='evf-submit-592' value='evf-submit' data-process-text=\"K\u00e4sittelee...\" conditional_rules='&quot;&quot;' conditional_id='evf-submit-592'  id=\"evf-submit-592\" aria-live=\"assertive\">L\u00e4het\u00e4<\/button><\/div><\/form><\/div><!-- .evf-container --><\/div>\n\n\n\n<p><\/p>\n","protected":false},"excerpt":{"rendered":"<p>Tilaa Kelkkalehti suoraan kotiisi. S\u00e4\u00e4st\u00e4t rahaa ja vaivaa! Tee tilaus alla olevalla lomakkeella. Tilauksen l\u00e4hetetty\u00e4si saat laskun suoraan kotiisi. Laskun<\/p>\n","protected":false},"author":2,"featured_media":0,"parent":0,"menu_order":0,"comment_status":"closed","ping_status":"closed","template":"","meta":{"colormag_page_container_layout":"default_layout","colormag_page_sidebar_layout":"default_layout","footnotes":""},"class_list":["post-594","page","type-page","status-publish","hentry"],"_links":{"self":[{"href":"https:\/\/kelkkasivut.kelkkalehti.com\/index.php?rest_route=\/wp\/v2\/pages\/594","targetHints":{"allow":["GET"]}}],"collection":[{"href":"https:\/\/kelkkasivut.kelkkalehti.com\/index.php?rest_route=\/wp\/v2\/pages"}],"about":[{"href":"https:\/\/kelkkasivut.kelkkalehti.com\/index.php?rest_route=\/wp\/v2\/types\/page"}],"author":[{"embeddable":true,"href":"https:\/\/kelkkasivut.kelkkalehti.com\/index.php?rest_route=\/wp\/v2\/users\/2"}],"replies":[{"embeddable":true,"href":"https:\/\/kelkkasivut.kelkkalehti.com\/index.php?rest_route=%2Fwp%2Fv2%2Fcomments&post=594"}],"version-history":[{"count":28,"href":"https:\/\/kelkkasivut.kelkkalehti.com\/index.php?rest_route=\/wp\/v2\/pages\/594\/revisions"}],"predecessor-version":[{"id":1300,"href":"https:\/\/kelkkasivut.kelkkalehti.com\/index.php?rest_route=\/wp\/v2\/pages\/594\/revisions\/1300"}],"wp:attachment":[{"href":"https:\/\/kelkkasivut.kelkkalehti.com\/index.php?rest_route=%2Fwp%2Fv2%2Fmedia&parent=594"}],"curies":[{"name":"wp","href":"https:\/\/api.w.org\/{rel}","templated":true}]}}